 factors of k?
79
Suppose 20*j + 8065 = 25*j + 4*s, -4*j + s = -6473. List the prime factors of j.
3, 7, 11
Let g be 152/(-11) + (-2)/11. Let o = -11 - g. Suppose 0 = 4*i - 3*t - 65, t = -3*i + o*t + 49. What are the prime factors of i?
17
Let a = 1 - -47. Suppose -m = -25 - a. What are the prime factors of m?
73
Suppose -2*y = 12*w - 13*w + 994, 5003 = 5*w + y. List the prime factors of w.
2, 5
Let w = 716 + -401. List the prime factors of w.
3, 5, 7
Suppose 32*o - 131*o + 364815 = 0. List the prime factors of o.
5, 11, 67
Suppose 590 = 4*o - 2*o + 4*a, -4*o = -a - 1135. Suppose -2*z + o = 5*s + 2*z, -z = 0. What are the prime factors of s?
3, 19
Let t = -100 - -62. Let m = t - -109. What are the prime factors of m?
71
Let n be 321/(-12)*-2*2. Let u = 179 - n. Let p = 113 - u. What are the prime factors of p?
41
What are the prime factors of ((-608)/(-40))/(1 - 4/5)?
2, 19
Suppose k - 4*s = -5, 3*k + s + 3 = -k. Let r(l) = 4*l**2 + 2*l + 1. List the prime factors of r(k).
3
Suppose 6*i - 7056 = 6. List the prime factors of i.
11, 107
Suppose -11*i = -7887 - 30503. List the prime factors of i.
2, 5, 349
Let v be 3*3/(-6)*-14. Let q be (-1035)/(-6)*14/v. Suppose -21 = -4*r + q. List the prime factors of r.
2, 17
Let k(n) be the first derivative of 43*n**4/4 - n**2/2 + n - 1. Suppose -5*v + 8 = o, 2*v - 7*o - 14 = -11*o. What are the prime factors of k(v)?
43
Suppose -90 = -15*m + 13*m. Let v = 77 + m. What are the prime factors of v?
2, 61
Let n(a) = a**3 + 2*a**2 - 31*a - 15. What are the prime factors of n(13)?
29, 73
Let w(l) = 427*l - 25. Let p be w(4). Suppose -11*f + p = -2*f. List the prime factors of f.
11, 17
What are the prime factors of (-8221)/(-4) - (8 - (-315)/(-36))?
2, 257
Suppose -12*j = -34383 + 10959. What are the prime factors of j?
2, 61
Let w = 2124 + -940. What are the prime factors of w?
2, 37
Suppose 8 = -4*m + 8*m. Suppose -g - 2 = 0, 0*n - 3*g + 6 = m*n. List the prime factors of (-585)/(-36) + n/8.
17
Let f = -1 + 6. Let d(a) = a**2 - 9*a - 36. Let c be d(-9). Suppose -x = -2*u - 10 - 20, -4*u = -f*x + c. List the prime factors of x.
2, 11
Suppose 16 = 4*b - 72. Suppose 0 = 4*r - b - 30. Suppose 54 = -11*o + r*o. List the prime factors of o.
3
Suppose y - 176 = -v, -v + 4*y + 136 = -30. Let l = -8 + v. List the prime factors of l.
2, 83
List the prime factors of (-2)/(-11) + 108084/132.
3, 7, 13
Let w(v) = 3*v**2 + 8*v + 1. Let c(s) = -4*s**2 - 9*s - 2. Let y(g) = -4*c(g) - 5*w(g). Let p = 22 + -15. What are the prime factors of y(p)?
2, 3
Let n = 6915 + -4529. What are the prime factors of n?
2, 1193
Let s = -19 + 12. Let j(q) = 2*q**2 - 12. Let y be j(s). Suppose 4*m - y = -3*z, 3*m + m = -4*z + 116. List the prime factors of z.
2, 3, 5
Let x(g) = -g + 10. Let j be x(6). Let c(f) = -2*f**2 + 2*f - 24 - 6*f + 3*f**2 + 28. List the prime factors of c(j).
2
Let n = -60 - -60. Let k = 4 - 7. What are the prime factors of k + 27 + n/3?
2, 3
Let t be 7/(140/(-8))*-10. Let d(c) = 60*c - 16. What are the prime factors of d(t)?
2, 7
Let t = 87 - 103. List the prime factors of t/(((-14)/6)/7).
2, 3
Let d be (-2)/(-4) + 5/(-10). Suppose 3*f + d*f - 12 = 0. Let a = f + -2. What are the prime factors of a?
2
Suppose -2724 + 810 = -6*p. What are the prime factors of p?
11, 29
Let m(f) = 13*f**2 + f**3 + 16*f - 3 + 1 + 1. What are the prime factors of m(-5)?
7, 17
Let n(q) be the third derivative of q**4/2 - 7*q**3/6 + 9*q**2. What are the prime factors of n(4)?
41
Suppose 0*v - x + 10 = 2*v, 2*v - 2*x - 4 = 0. Suppose 4*p - v*a = 128, p - 40 = 6*a - a. List the prime factors of p.
2, 3, 5
Suppose -5*s = -4*f - 7, -4*s + 0*s = f - 14. Suppose -4*v + 2*k = -2*k, -f*v - k = -6. Suppose v*p - 7 = 19. List the prime factors of p.
13
Let q(r) = -r + 1. Let f be q(-7). Suppose -f*h + 4*h = -64. What are the prime factors of h?
2
Suppose -3*o + 7*o - 36 = 0. Let y be 5 - 3*6/o. Suppose y*k - 36 = k. List the prime factors of k.
2, 3
Suppose -3*p = 4*x - 0*x - 1969, 0 = -5*p - 3*x + 3289. What are the prime factors of p?
659
Let s(b) = 2*b - 5. Let p be s(5). Suppose -4*f + 265 = -p*w, f = -4*f - 3*w + 285. Suppose -4*m + f = 20. What are the prime factors of m?
2, 5
Suppose 2*h - 2086 = -5*h. What are the prime factors of h?
2, 149
Let w(j) be the third derivative of 67*j**4/24 - j**3/6 - 19*j**2. What are the prime factors of w(2)?
7, 19
Let f(j) = j**3 + 3*j**2 - j - 3. Let v be f(-3). Suppose 2*y - 6 = v, q - 4*y - 77 = 54. List the prime factors of q.
11, 13
Let g = -1100 + 1972. List the prime factors of g.
2, 109
Let j(m) = m**2 + 2*m - 4. Suppose -h = -3*h + 16. Let f be h + -8 + (3 - 0). What are the prime factors of j(f)?
11
Suppose 912 = 5*w - 3*i, 0 = 5*w + i + i - 892. Let j = w - -33. What are the prime factors of j?
3, 71
What are the prime factors of (-184)/460*-30*317?
2, 3, 317
Let d(u) = 4*u + 11. Let f be d(-2). Suppose -w = 3*c - 93, -w + c = f*w - 424. What are the prime factors of w?
3, 5, 7
Let z be 4/(-14) + 4/14. Let p = -7 - -13. Suppose -i - 4 = z, -134 = -5*h - 5*i + p*i. List the prime factors of h.
2, 13
Let c(k) = -k**3 - 9*k**2 + 11*k + 13. Let h be c(-10). Let w = 7 - h. List the prime factors of (-2)/w - (-475)/10.
47
Let a(i) = 85*i + 1. Let t be a(2). Let f = -108 + t. List the prime factors of f.
3, 7
Suppose -162*s - 24 = -166*s. Suppose 2*g = -s, 4*v - 4*g = -9*g + 449. What are the prime factors of v?
2, 29
Let l(q) = q**3 + 26*q**2 + 51*q + 34. Let c be l(-24). Suppose -a - 335 = 4*a. Let b = c - a. List the prime factors of b.
29
Suppose 2*z = -5*p + 3770, -103*z = -5*p - 102*z + 3755. List the prime factors of p.
2, 47
Suppose 0*p = 3*p - 45. Suppose -9 - p = -l. List the prime factors of l.
2, 3
Let q(l) = 8*l**2 - 10*l - 12. List the prime factors of q(-7).
2, 3, 5
Suppose 0 = -w - 4*w. Suppose 4*f + f + 3*z - 638 = 0, w = -2*f + 2*z + 268. List the prime factors of f.
2, 5, 13
Let m(u) be the third derivative of u**5/15 + u**4/8 - 14*u**3/3 + 19*u**2. List the prime factors of m(-6).
2, 7
Suppose 1100 = -10*b - 0*b. What are the prime factors of b/(4 - 9 - -3)?
5, 11
Suppose t - 6*t = 0. What are the prime factors of 3 + 1 + t - -2?
2, 3
Suppose 0 = y + 2*s + s - 17, -2*s + 30 = 3*y. Suppose y + 32 = i. Suppose -6*o = 4 - i. List the prime factors of o.
2, 3
Suppose 0 + 16 = 4*k. Let n = 20 - k. List the prime factors of n.
2
Suppose -5*t + 4*p = 2*p + 58, 0 = t - 2*p + 18. Let j = t - -15. What are the prime factors of (-2)/j + (-284)/(-10)?
2, 7
Let l(k) be the second derivative of k**7/1260 - 7*k**6/720 - k**5/60 - k**4/12 - 4*k. Let p(o) be the third derivative of l(o). List the prime factors of p(5).
13
Suppose -2339 = 16*z - 10915. What are the prime factors of z?
2, 67
Suppose -8*m = -5*m - 1494. List the prime factors of -1 + m/9 + 2/3.
5, 11
Let s(r) = -r**3 - 16*r**2 + 5*r - 7. Let i be s(-16). List the prime factors of (i/(-4))/(9/96).
2, 29
Let d(w) = -w**3 - 10*w**2 - 12*w + 13. What are the prime factors of d(-11)?
2, 7, 19
Let s(r) = r**3 - r**2 + 2*r + 32. Let z be s(0). Suppose -5*j - z = -9*j. List the prime factors of j.
2
Let k(g) = 2*g - 5. Let i be k(3). Let m(s) = -19*s + 2*s**2 + 26*s + i - 5. List the prime factors of m(-6).
2, 13
Suppose -u + 3*j = -41, 4*j = 5*u - 3*u - 88. List the prime factors of u.
2, 5
Let u(t) be the first derivative of 41*t**3/3 - 4*t - 5. List the prime factors of u(-2).
2, 5
What are the prime factors of 397 - 18/(-45)*-20?
389
Suppose -4*h - 225 = -85. Let b = h - -109. What are the prime factors of b?
2, 37
Let k(z) = 2*z**2 - 3*z - 4. Let a be k(6). What are the prime factors of 6/18 + a/3?
17
Let k = -4 + 6. Suppose 0*w + m - 108 = -w, 0 = -k*m + 10. What are the prime factors of w?
103
Suppose d - 80 = -3*g + 5*d, -5*g + 3*d = -126. Suppose 0*a - g = -3*a. Let n(q) = q + 10. What are the prime factors of n(a)?
2, 3
Let n be 456/16 + (-6)/(-4). Suppose 12*f - n = 7*f. Suppose -9*h + 6 = -f*h. What are the prime factors of h?
2
Suppose 3*b + 5*c + 52 = 2195, -3*c = -2*b + 1416. What are the prime factors of b?
3, 79
Suppose -1940 = -4*k + 2592. List the prime factors of k.
11, 103
Suppose -14*t + 12*t - 4*g + 406 = 0, -3*t + 597 = 2*g. List the prime factors of t.
197
Let i(g) = 10 - 7 + g**2 + 2*g**2 - g**2. What are the prime fac